{"id":234,"date":"2021-08-09T15:49:10","date_gmt":"2021-08-09T15:49:10","guid":{"rendered":"https:\/\/inmobiliariaabarquillas.com\/?page_id=234"},"modified":"2021-08-16T16:24:18","modified_gmt":"2021-08-16T16:24:18","slug":"casa-villarrobledo","status":"publish","type":"page","link":"https:\/\/inmobiliariaabarquillas.com\/index.php\/casa-villarrobledo\/","title":{"rendered":"Casa"},"content":{"rendered":"\t\t<div data-elementor-type=\"wp-page\" data-elementor-id=\"234\" class=\"elementor elementor-234\" data-elementor-settings=\"[]\">\n\t\t\t\t\t\t\t<div class=\"elementor-section-wrap\">\n\t\t\t\t\t\t\t<section class=\"elementor-section elementor-top-section elementor-element elementor-element-661d256d elementor-section-full_width elementor-section-height-default elementor-section-height-default\" data-id=\"661d256d\" data-element_type=\"section\">\n\t\t\t\t\t\t<div class=\"elementor-container elementor-column-gap-default\">\n\t\t\t\t\t<div class=\"elementor-column elementor-col-50 elementor-top-column elementor-element elementor-element-2ee36f46\" data-id=\"2ee36f46\" data-element_type=\"column\">\n\t\t\t<div class=\"elementor-widget-wrap elementor-element-populated\">\n\t\t\t\t\t\t\t\t<div class=\"elementor-element elementor-element-2ae370db elementor-widget elementor-widget-heading\" data-id=\"2ae370db\" data-element_type=\"widget\" data-widget_type=\"heading.default\">\n\t\t\t\t<div class=\"elementor-widget-container\">\n\t\t\t<h1 class=\"elementor-heading-title elementor-size-default\"><b>CASA Villarrobledo<\/b>EN CALLE DOCTOR FIGUEROA N\u00ba 7 <b><\/b><\/h1>\t\t<\/div>\n\t\t\t\t<\/div>\n\t\t\t\t\t<\/div>\n\t\t<\/div>\n\t\t\t\t<div class=\"elementor-column elementor-col-50 elementor-top-column elementor-element elementor-element-3a783789\" data-id=\"3a783789\" data-element_type=\"column\">\n\t\t\t<div class=\"elementor-widget-wrap elementor-element-populated\">\n\t\t\t\t\t\t\t\t<div class=\"elementor-element elementor-element-51ffa827 elementor-widget elementor-widget-text-editor\" data-id=\"51ffa827\" data-element_type=\"widget\" data-widget_type=\"text-editor.default\">\n\t\t\t\t<div class=\"elementor-widget-container\">\n\t\t\t\t\t\t\t\t<p><strong>Vivienda de 200 m2 con cuarto de ba\u00f1o, cocina, sal\u00f3n, 3 dormitorios y local de 80 m2.<\/strong><\/p>\t\t\t\t\t\t<\/div>\n\t\t\t\t<\/div>\n\t\t\t\t\t<\/div>\n\t\t<\/div>\n\t\t\t\t\t\t\t<\/div>\n\t\t<\/section>\n\t\t\t\t<section class=\"elementor-section elementor-top-section elementor-element elementor-element-13fdcad2 elementor-section-full_width elementor-section-height-default elementor-section-height-default\" data-id=\"13fdcad2\" data-element_type=\"section\">\n\t\t\t\t\t\t<div class=\"elementor-container elementor-column-gap-default\">\n\t\t\t\t\t<div class=\"elementor-column elementor-col-100 elementor-top-column elementor-element elementor-element-9c221c0\" data-id=\"9c221c0\" data-element_type=\"column\">\n\t\t\t<div class=\"elementor-widget-wrap elementor-element-populated\">\n\t\t\t\t\t\t\t\t<div class=\"elementor-element elementor-element-4aad0ca5 elementor-widget elementor-widget-image\" data-id=\"4aad0ca5\" data-element_type=\"widget\" data-settings=\"{&quot;motion_fx_motion_fx_scrolling&quot;:&quot;yes&quot;,&quot;motion_fx_translateY_effect&quot;:&quot;yes&quot;,&quot;motion_fx_translateY_speed&quot;:{&quot;unit&quot;:&quot;px&quot;,&quot;size&quot;:&quot;2&quot;,&quot;sizes&quot;:[]},&quot;motion_fx_devices&quot;:[&quot;desktop&quot;],&quot;motion_fx_translateY_affectedRange&quot;:{&quot;unit&quot;:&quot;%&quot;,&quot;size&quot;:&quot;&quot;,&quot;sizes&quot;:{&quot;start&quot;:0,&quot;end&quot;:100}}}\" data-widget_type=\"image.default\">\n\t\t\t\t<div class=\"elementor-widget-container\">\n\t\t\t\t\t\t\t\t\t\t\t\t\t\t\t<img width=\"1599\" height=\"1200\" src=\"https:\/\/inmobiliariaabarquillas.com\/wp-content\/uploads\/2021\/08\/IMG-20201225-WA0026.jpg\" class=\"attachment-full size-full\" alt=\"Casa en Villarrobledo\" loading=\"lazy\" srcset=\"https:\/\/inmobiliariaabarquillas.com\/wp-content\/uploads\/2021\/08\/IMG-20201225-WA0026.jpg 1599w, https:\/\/inmobiliariaabarquillas.com\/wp-content\/uploads\/2021\/08\/IMG-20201225-WA0026-300x225.jpg 300w, https:\/\/inmobiliariaabarquillas.com\/wp-content\/uploads\/2021\/08\/IMG-20201225-WA0026-1024x768.jpg 1024w, https:\/\/inmobiliariaabarquillas.com\/wp-content\/uploads\/2021\/08\/IMG-20201225-WA0026-768x576.jpg 768w, https:\/\/inmobiliariaabarquillas.com\/wp-content\/uploads\/2021\/08\/IMG-20201225-WA0026-1536x1153.jpg 1536w\" sizes=\"(max-width: 1599px) 100vw, 1599px\" \/>\t\t\t\t\t\t\t\t\t\t\t\t\t\t\t<\/div>\n\t\t\t\t<\/div>\n\t\t\t\t\t<\/div>\n\t\t<\/div>\n\t\t\t\t\t\t\t<\/div>\n\t\t<\/section>\n\t\t\t\t<section class=\"elementor-section elementor-top-section elementor-element elementor-element-4bdc1db7 elementor-section-full_width elementor-section-height-default elementor-section-height-default\" data-id=\"4bdc1db7\" data-element_type=\"section\">\n\t\t\t\t\t\t<div class=\"elementor-container elementor-column-gap-default\">\n\t\t\t\t\t<div class=\"elementor-column elementor-col-100 elementor-top-column elementor-element elementor-element-5c0e65c2\" data-id=\"5c0e65c2\" data-element_type=\"column\" data-settings=\"{&quot;motion_fx_motion_fx_scrolling&quot;:&quot;yes&quot;,&quot;motion_fx_translateX_effect&quot;:&quot;yes&quot;,&quot;motion_fx_translateX_speed&quot;:{&quot;unit&quot;:&quot;px&quot;,&quot;size&quot;:&quot;1&quot;,&quot;sizes&quot;:[]},&quot;motion_fx_translateX_affectedRange&quot;:{&quot;unit&quot;:&quot;%&quot;,&quot;size&quot;:&quot;&quot;,&quot;sizes&quot;:{&quot;start&quot;:&quot;0&quot;,&quot;end&quot;:&quot;50&quot;}},&quot;motion_fx_devices&quot;:[&quot;desktop&quot;,&quot;tablet&quot;]}\">\n\t\t\t<div class=\"elementor-widget-wrap elementor-element-populated\">\n\t\t\t\t\t\t\t\t<div class=\"elementor-element elementor-element-52684f55 elementor-widget-divider--view-line_text elementor-widget-divider--element-align-left elementor-widget elementor-widget-divider\" data-id=\"52684f55\" data-element_type=\"widget\" data-widget_type=\"divider.default\">\n\t\t\t\t<div class=\"elementor-widget-container\">\n\t\t\t\t\t<div class=\"elementor-divider\">\n\t\t\t<span class=\"elementor-divider-separator\">\n\t\t\t\t\t\t\t<span class=\"elementor-divider__text elementor-divider__element\">Nuestro <b>Proyecto<\/b><\/span>\n\t\t\t\t\t\t<\/span>\n\t\t<\/div>\n\t\t\t\t<\/div>\n\t\t\t\t<\/div>\n\t\t\t\t\t<\/div>\n\t\t<\/div>\n\t\t\t\t\t\t\t<\/div>\n\t\t<\/section>\n\t\t\t\t<section class=\"elementor-section elementor-top-section elementor-element elementor-element-2b3efc50 elementor-section-full_width elementor-section-height-default elementor-section-height-default\" data-id=\"2b3efc50\" data-element_type=\"section\">\n\t\t\t\t\t\t<div class=\"elementor-container elementor-column-gap-no\">\n\t\t\t\t\t<div class=\"elementor-column elementor-col-100 elementor-top-column elementor-element elementor-element-793fd410\" data-id=\"793fd410\" data-element_type=\"column\">\n\t\t\t<div class=\"elementor-widget-wrap elementor-element-populated\">\n\t\t\t\t\t\t\t\t<div class=\"elementor-element elementor-element-61c9b902 elementor-skin-carousel elementor-widget elementor-widget-media-carousel\" data-id=\"61c9b902\" data-element_type=\"widget\" data-settings=\"{&quot;space_between&quot;:{&quot;unit&quot;:&quot;px&quot;,&quot;size&quot;:0,&quot;sizes&quot;:[]},&quot;skin&quot;:&quot;carousel&quot;,&quot;effect&quot;:&quot;slide&quot;,&quot;speed&quot;:500,&quot;autoplay&quot;:&quot;yes&quot;,&quot;autoplay_speed&quot;:5000,&quot;loop&quot;:&quot;yes&quot;,&quot;pause_on_hover&quot;:&quot;yes&quot;,&quot;pause_on_interaction&quot;:&quot;yes&quot;,&quot;space_between_tablet&quot;:{&quot;unit&quot;:&quot;px&quot;,&quot;size&quot;:10,&quot;sizes&quot;:[]},&quot;space_between_mobile&quot;:{&quot;unit&quot;:&quot;px&quot;,&quot;size&quot;:10,&quot;sizes&quot;:[]}}\" data-widget_type=\"media-carousel.default\">\n\t\t\t\t<div class=\"elementor-widget-container\">\n\t\t\t\t\t<div class=\"elementor-swiper\">\n\t\t\t<div class=\"elementor-main-swiper swiper-container\">\n\t\t\t\t<div class=\"swiper-wrapper\">\n\t\t\t\t\t\t\t\t\t\t\t<div class=\"swiper-slide\">\n\t\t\t\t\t\t\t\t\t<div class=\"elementor-carousel-image\" style=\"background-image: url(https:\/\/inmobiliariaabarquillas.com\/wp-content\/uploads\/2021\/08\/IMG-20201225-WA0026.jpg)\">\n\t\t\t\t\t<\/div>\n\t\t\t\t\t\t\t\t<\/div>\n\t\t\t\t\t\t\t\t\t\t\t<div class=\"swiper-slide\">\n\t\t\t\t\t\t\t\t\t<div class=\"elementor-carousel-image\" style=\"background-image: url(https:\/\/inmobiliariaabarquillas.com\/wp-content\/uploads\/2021\/08\/WhatsApp-Image-2021-08-12-at-18.09.04.jpeg)\">\n\t\t\t\t\t<\/div>\n\t\t\t\t\t\t\t\t<\/div>\n\t\t\t\t\t\t\t\t\t\t\t<div class=\"swiper-slide\">\n\t\t\t\t\t\t\t\t\t<div class=\"elementor-carousel-image\" style=\"background-image: url(https:\/\/inmobiliariaabarquillas.com\/wp-content\/uploads\/2021\/08\/WhatsApp-Image-2021-08-12-at-18.09.04-1.jpeg)\">\n\t\t\t\t\t<\/div>\n\t\t\t\t\t\t\t\t<\/div>\n\t\t\t\t\t\t\t\t\t\t\t<div class=\"swiper-slide\">\n\t\t\t\t\t\t\t\t\t<div class=\"elementor-carousel-image\" style=\"background-image: url(https:\/\/inmobiliariaabarquillas.com\/wp-content\/uploads\/2021\/08\/WhatsApp-Image-2021-08-12-at-18.09.04-2.jpeg)\">\n\t\t\t\t\t<\/div>\n\t\t\t\t\t\t\t\t<\/div>\n\t\t\t\t\t\t\t\t\t\t\t<div class=\"swiper-slide\">\n\t\t\t\t\t\t\t\t\t<div class=\"elementor-carousel-image\" style=\"background-image: url(https:\/\/inmobiliariaabarquillas.com\/wp-content\/uploads\/2021\/08\/WhatsApp-Image-2021-08-12-at-18.09.05.jpeg)\">\n\t\t\t\t\t<\/div>\n\t\t\t\t\t\t\t\t<\/div>\n\t\t\t\t\t\t\t\t\t\t\t<div class=\"swiper-slide\">\n\t\t\t\t\t\t\t\t\t<div class=\"elementor-carousel-image\" style=\"background-image: url(https:\/\/inmobiliariaabarquillas.com\/wp-content\/uploads\/2021\/08\/WhatsApp-Image-2021-08-12-at-18.09.05-1.jpeg)\">\n\t\t\t\t\t<\/div>\n\t\t\t\t\t\t\t\t<\/div>\n\t\t\t\t\t\t\t\t\t\t\t<div class=\"swiper-slide\">\n\t\t\t\t\t\t\t\t\t<div class=\"elementor-carousel-image\" style=\"background-image: url(https:\/\/inmobiliariaabarquillas.com\/wp-content\/uploads\/2021\/08\/WhatsApp-Image-2021-08-12-at-18.09.05-3.jpeg)\">\n\t\t\t\t\t<\/div>\n\t\t\t\t\t\t\t\t<\/div>\n\t\t\t\t\t\t\t\t\t\t\t<div class=\"swiper-slide\">\n\t\t\t\t\t\t\t\t\t<div class=\"elementor-carousel-image\" style=\"background-image: url(https:\/\/inmobiliariaabarquillas.com\/wp-content\/uploads\/2021\/08\/WhatsApp-Image-2021-08-12-at-18.09.06.jpeg)\">\n\t\t\t\t\t<\/div>\n\t\t\t\t\t\t\t\t<\/div>\n\t\t\t\t\t\t\t\t\t\t\t<div class=\"swiper-slide\">\n\t\t\t\t\t\t\t\t\t<div class=\"elementor-carousel-image\" style=\"background-image: url(https:\/\/inmobiliariaabarquillas.com\/wp-content\/uploads\/2021\/08\/WhatsApp-Image-2021-08-12-at-18.09.06-1.jpeg)\">\n\t\t\t\t\t<\/div>\n\t\t\t\t\t\t\t\t<\/div>\n\t\t\t\t\t\t\t\t\t\t\t<div class=\"swiper-slide\">\n\t\t\t\t\t\t\t\t\t<div class=\"elementor-carousel-image\" style=\"background-image: url(https:\/\/inmobiliariaabarquillas.com\/wp-content\/uploads\/2021\/08\/WhatsApp-Image-2021-08-12-at-18.09.06-2.jpeg)\">\n\t\t\t\t\t<\/div>\n\t\t\t\t\t\t\t\t<\/div>\n\t\t\t\t\t\t\t\t\t\t\t<div class=\"swiper-slide\">\n\t\t\t\t\t\t\t\t\t<div class=\"elementor-carousel-image\" style=\"background-image: url(https:\/\/inmobiliariaabarquillas.com\/wp-content\/uploads\/2021\/08\/WhatsApp-Image-2021-08-12-at-18.09.10.jpeg)\">\n\t\t\t\t\t<\/div>\n\t\t\t\t\t\t\t\t<\/div>\n\t\t\t\t\t\t\t\t\t<\/div>\n\t\t\t\t\t\t\t\t\t\t\t\t\t\t\t\t\t\t\t\t\t<\/div>\n\t\t<\/div>\n\t\t\t\t<\/div>\n\t\t\t\t<\/div>\n\t\t\t\t\t<\/div>\n\t\t<\/div>\n\t\t\t\t\t\t\t<\/div>\n\t\t<\/section>\n\t\t\t\t<section class=\"elementor-section elementor-top-section elementor-element elementor-element-1f531682 elementor-section-content-middle elementor-section-boxed elementor-section-height-default elementor-section-height-default\" data-id=\"1f531682\" data-element_type=\"section\" data-settings=\"{&quot;background_background&quot;:&quot;classic&quot;}\">\n\t\t\t\t\t\t<div class=\"elementor-container elementor-column-gap-default\">\n\t\t\t\t\t<div class=\"elementor-column elementor-col-100 elementor-top-column elementor-element elementor-element-2e8f943f\" data-id=\"2e8f943f\" data-element_type=\"column\" data-settings=\"{&quot;background_background&quot;:&quot;classic&quot;}\">\n\t\t\t<div class=\"elementor-widget-wrap elementor-element-populated\">\n\t\t\t\t\t\t\t\t<div class=\"elementor-element elementor-element-4340e7a3 elementor-widget elementor-widget-heading\" data-id=\"4340e7a3\" data-element_type=\"widget\" data-widget_type=\"heading.default\">\n\t\t\t\t<div class=\"elementor-widget-container\">\n\t\t\t<h2 class=\"elementor-heading-title elementor-size-default\">IM\u00c1GENES DE LA CASA<\/h2>\t\t<\/div>\n\t\t\t\t<\/div>\n\t\t\t\t<div class=\"elementor-element elementor-element-55f7139a elementor-widget elementor-widget-text-editor\" data-id=\"55f7139a\" data-element_type=\"widget\" data-widget_type=\"text-editor.default\">\n\t\t\t\t<div class=\"elementor-widget-container\">\n\t\t\t\t\t\t\t\t<p>CASAS EN VILLARROBLEDO<\/p>\t\t\t\t\t\t<\/div>\n\t\t\t\t<\/div>\n\t\t\t\t\t<\/div>\n\t\t<\/div>\n\t\t\t\t\t\t\t<\/div>\n\t\t<\/section>\n\t\t\t\t<section class=\"elementor-section elementor-top-section elementor-element elementor-element-f5dc539 elementor-section-full_width elementor-section-height-min-height elementor-section-items-stretch elementor-section-content-middle elementor-section-height-default\" data-id=\"f5dc539\" data-element_type=\"section\" data-settings=\"{&quot;background_background&quot;:&quot;classic&quot;}\">\n\t\t\t\t\t\t<div class=\"elementor-container elementor-column-gap-no\">\n\t\t\t\t\t<div class=\"elementor-column elementor-col-50 elementor-top-column elementor-element elementor-element-a77eabb\" data-id=\"a77eabb\" data-element_type=\"column\" data-settings=\"{&quot;background_background&quot;:&quot;none&quot;}\">\n\t\t\t<div class=\"elementor-widget-wrap elementor-element-populated\">\n\t\t\t\t\t\t\t\t<div class=\"elementor-element elementor-element-2cdeb8f elementor-widget elementor-widget-heading\" data-id=\"2cdeb8f\" data-element_type=\"widget\" data-widget_type=\"heading.default\">\n\t\t\t\t<div class=\"elementor-widget-container\">\n\t\t\t<h2 class=\"elementor-heading-title elementor-size-default\">Localizaci\u00f3n de la casa.<\/h2>\t\t<\/div>\n\t\t\t\t<\/div>\n\t\t\t\t<div class=\"elementor-element elementor-element-8a53d20 elementor-widget-divider--view-line elementor-widget elementor-widget-divider\" data-id=\"8a53d20\" data-element_type=\"widget\" data-widget_type=\"divider.default\">\n\t\t\t\t<div class=\"elementor-widget-container\">\n\t\t\t\t\t<div class=\"elementor-divider\">\n\t\t\t<span class=\"elementor-divider-separator\">\n\t\t\t\t\t\t<\/span>\n\t\t<\/div>\n\t\t\t\t<\/div>\n\t\t\t\t<\/div>\n\t\t\t\t\t<\/div>\n\t\t<\/div>\n\t\t\t\t<div class=\"elementor-column elementor-col-50 elementor-top-column elementor-element elementor-element-b046c82\" data-id=\"b046c82\" data-element_type=\"column\" data-settings=\"{&quot;background_background&quot;:&quot;classic&quot;}\">\n\t\t\t<div class=\"elementor-widget-wrap elementor-element-populated\">\n\t\t\t\t\t<div class=\"elementor-background-overlay\"><\/div>\n\t\t\t\t\t\t\t\t<div class=\"elementor-element elementor-element-b00b291 elementor-widget elementor-widget-google_maps\" data-id=\"b00b291\" data-element_type=\"widget\" data-widget_type=\"google_maps.default\">\n\t\t\t\t<div class=\"elementor-widget-container\">\n\t\t\t\t\t<div class=\"elementor-custom-embed\">\n\t\t\t<iframe frameborder=\"0\" scrolling=\"no\" marginheight=\"0\" marginwidth=\"0\" src=\"https:\/\/maps.google.com\/maps?q=CALLE%20DOCTOR%20FIGUEROA%20N%C2%BA%207%20DE%20VILLARROBLEDO&amp;t=m&amp;z=10&amp;output=embed&amp;iwloc=near\" title=\"%3$s\" aria-label=\"%3$s\"><\/iframe>\n\t\t<\/div>\n\t\t\t\t<\/div>\n\t\t\t\t<\/div>\n\t\t\t\t\t<\/div>\n\t\t<\/div>\n\t\t\t\t\t\t\t<\/div>\n\t\t<\/section>\n\t\t\t\t<section class=\"elementor-section elementor-top-section elementor-element elementor-element-f11235a elementor-section-boxed elementor-section-height-default elementor-section-height-default\" data-id=\"f11235a\" data-element_type=\"section\">\n\t\t\t\t\t\t<div class=\"elementor-container elementor-column-gap-default\">\n\t\t\t\t\t<div class=\"elementor-column elementor-col-100 elementor-top-column elementor-element elementor-element-8ac5d47\" data-id=\"8ac5d47\" data-element_type=\"column\">\n\t\t\t<div class=\"elementor-widget-wrap elementor-element-populated\">\n\t\t\t\t\t\t\t\t<div class=\"elementor-element elementor-element-64eb323 elementor-widget elementor-widget-image\" data-id=\"64eb323\" data-element_type=\"widget\" data-widget_type=\"image.default\">\n\t\t\t\t<div class=\"elementor-widget-container\">\n\t\t\t\t\t\t\t\t\t\t\t\t\t\t\t<img width=\"756\" height=\"840\" src=\"https:\/\/inmobiliariaabarquillas.com\/wp-content\/uploads\/2021\/08\/flor.png\" class=\"attachment-large size-large\" alt=\"villarrobledo\" loading=\"lazy\" srcset=\"https:\/\/inmobiliariaabarquillas.com\/wp-content\/uploads\/2021\/08\/flor.png 756w, https:\/\/inmobiliariaabarquillas.com\/wp-content\/uploads\/2021\/08\/flor-270x300.png 270w\" sizes=\"(max-width: 756px) 100vw, 756px\" \/>\t\t\t\t\t\t\t\t\t\t\t\t\t\t\t<\/div>\n\t\t\t\t<\/div>\n\t\t\t\t\t<\/div>\n\t\t<\/div>\n\t\t\t\t\t\t\t<\/div>\n\t\t<\/section>\n\t\t\t\t\t\t<\/div>\n\t\t\t\t\t<\/div>\n\t\t","protected":false},"excerpt":{"rendered":"<p>CASA VillarrobledoEN CALLE DOCTOR FIGUEROA N\u00ba 7 Vivienda de 200 m2 con cuarto de ba\u00f1o, cocina, sal\u00f3n, 3 dormitorios y local de 80 m2. Nuestro Proyecto IM\u00c1GENES DE LA CASA CASAS EN VILLARROBLEDO Localizaci\u00f3n de la casa.<\/p>\n","protected":false},"author":1,"featured_media":0,"parent":0,"menu_order":0,"comment_status":"closed","ping_status":"closed","template":"","meta":[],"yoast_head":"<!-- This site is optimized with the Yoast SEO plugin v16.8 - https:\/\/yoast.com\/wordpress\/plugins\/seo\/ -->\n<title>Casa en Villarrobledo - Inmobiliaria Abarquillas Villarrobledo<\/title>\n<meta name=\"description\" content=\"Casa en Villarrobledo amplia de 200 metros cuadrados con 1 cuarto de ba\u00f1o, 1 cocina, 1 sal\u00f3n, 3 dormitorios y local de 80 m2.\" \/>\n<meta name=\"robots\" content=\"index, follow, max-snippet:-1, max-image-preview:large, max-video-preview:-1\" \/>\n<link rel=\"canonical\" href=\"https:\/\/inmobiliariaabarquillas.com\/index.php\/casa-villarrobledo\/\" \/>\n<meta property=\"og:locale\" content=\"es_ES\" \/>\n<meta property=\"og:type\" content=\"article\" \/>\n<meta property=\"og:title\" content=\"Casa en Villarrobledo - Inmobiliaria Abarquillas Villarrobledo\" \/>\n<meta property=\"og:description\" content=\"Casa en Villarrobledo amplia de 200 metros cuadrados con 1 cuarto de ba\u00f1o, 1 cocina, 1 sal\u00f3n, 3 dormitorios y local de 80 m2.\" \/>\n<meta property=\"og:url\" content=\"https:\/\/inmobiliariaabarquillas.com\/index.php\/casa-villarrobledo\/\" \/>\n<meta property=\"og:site_name\" content=\"Abarquillas\" \/>\n<meta property=\"article:modified_time\" content=\"2021-08-16T16:24:18+00:00\" \/>\n<meta property=\"og:image\" content=\"https:\/\/inmobiliariaabarquillas.com\/wp-content\/uploads\/2021\/08\/IMG-20201225-WA0026.jpg\" \/>\n<meta name=\"twitter:card\" content=\"summary_large_image\" \/>\n<meta name=\"twitter:label1\" content=\"Tiempo de lectura\" \/>\n\t<meta name=\"twitter:data1\" content=\"1 minuto\" \/>\n<script type=\"application\/ld+json\" class=\"yoast-schema-graph\">{\"@context\":\"https:\/\/schema.org\",\"@graph\":[{\"@type\":\"WebSite\",\"@id\":\"https:\/\/inmobiliariaabarquillas.com\/#website\",\"url\":\"https:\/\/inmobiliariaabarquillas.com\/\",\"name\":\"Abarquillas\",\"description\":\"Otro sitio realizado con WordPress\",\"potentialAction\":[{\"@type\":\"SearchAction\",\"target\":{\"@type\":\"EntryPoint\",\"urlTemplate\":\"https:\/\/inmobiliariaabarquillas.com\/?s={search_term_string}\"},\"query-input\":\"required name=search_term_string\"}],\"inLanguage\":\"es\"},{\"@type\":\"ImageObject\",\"@id\":\"https:\/\/inmobiliariaabarquillas.com\/index.php\/casa-villarrobledo\/#primaryimage\",\"inLanguage\":\"es\",\"url\":\"https:\/\/inmobiliariaabarquillas.com\/wp-content\/uploads\/2021\/08\/IMG-20201225-WA0026.jpg\",\"contentUrl\":\"https:\/\/inmobiliariaabarquillas.com\/wp-content\/uploads\/2021\/08\/IMG-20201225-WA0026.jpg\",\"width\":1599,\"height\":1200,\"caption\":\"Casa en Villarrobledo\"},{\"@type\":\"WebPage\",\"@id\":\"https:\/\/inmobiliariaabarquillas.com\/index.php\/casa-villarrobledo\/#webpage\",\"url\":\"https:\/\/inmobiliariaabarquillas.com\/index.php\/casa-villarrobledo\/\",\"name\":\"Casa en Villarrobledo - Inmobiliaria Abarquillas Villarrobledo\",\"isPartOf\":{\"@id\":\"https:\/\/inmobiliariaabarquillas.com\/#website\"},\"primaryImageOfPage\":{\"@id\":\"https:\/\/inmobiliariaabarquillas.com\/index.php\/casa-villarrobledo\/#primaryimage\"},\"datePublished\":\"2021-08-09T15:49:10+00:00\",\"dateModified\":\"2021-08-16T16:24:18+00:00\",\"description\":\"Casa en Villarrobledo amplia de 200 metros cuadrados con 1 cuarto de ba\\u00f1o, 1 cocina, 1 sal\\u00f3n, 3 dormitorios y local de 80 m2.\",\"breadcrumb\":{\"@id\":\"https:\/\/inmobiliariaabarquillas.com\/index.php\/casa-villarrobledo\/#breadcrumb\"},\"inLanguage\":\"es\",\"potentialAction\":[{\"@type\":\"ReadAction\",\"target\":[\"https:\/\/inmobiliariaabarquillas.com\/index.php\/casa-villarrobledo\/\"]}]},{\"@type\":\"BreadcrumbList\",\"@id\":\"https:\/\/inmobiliariaabarquillas.com\/index.php\/casa-villarrobledo\/#breadcrumb\",\"itemListElement\":[{\"@type\":\"ListItem\",\"position\":1,\"name\":\"Portada\",\"item\":\"https:\/\/inmobiliariaabarquillas.com\/\"},{\"@type\":\"ListItem\",\"position\":2,\"name\":\"Casa\"}]}]}<\/script>\n<!-- \/ Yoast SEO plugin. -->","yoast_head_json":{"title":"Casa en Villarrobledo - Inmobiliaria Abarquillas Villarrobledo","description":"Casa en Villarrobledo amplia de 200 metros cuadrados con 1 cuarto de ba\u00f1o, 1 cocina, 1 sal\u00f3n, 3 dormitorios y local de 80 m2.","robots":{"index":"index","follow":"follow","max-snippet":"max-snippet:-1","max-image-preview":"max-image-preview:large","max-video-preview":"max-video-preview:-1"},"canonical":"https:\/\/inmobiliariaabarquillas.com\/index.php\/casa-villarrobledo\/","og_locale":"es_ES","og_type":"article","og_title":"Casa en Villarrobledo - Inmobiliaria Abarquillas Villarrobledo","og_description":"Casa en Villarrobledo amplia de 200 metros cuadrados con 1 cuarto de ba\u00f1o, 1 cocina, 1 sal\u00f3n, 3 dormitorios y local de 80 m2.","og_url":"https:\/\/inmobiliariaabarquillas.com\/index.php\/casa-villarrobledo\/","og_site_name":"Abarquillas","article_modified_time":"2021-08-16T16:24:18+00:00","og_image":[{"url":"https:\/\/inmobiliariaabarquillas.com\/wp-content\/uploads\/2021\/08\/IMG-20201225-WA0026.jpg"}],"twitter_card":"summary_large_image","twitter_misc":{"Tiempo de lectura":"1 minuto"},"schema":{"@context":"https:\/\/schema.org","@graph":[{"@type":"WebSite","@id":"https:\/\/inmobiliariaabarquillas.com\/#website","url":"https:\/\/inmobiliariaabarquillas.com\/","name":"Abarquillas","description":"Otro sitio realizado con WordPress","potentialAction":[{"@type":"SearchAction","target":{"@type":"EntryPoint","urlTemplate":"https:\/\/inmobiliariaabarquillas.com\/?s={search_term_string}"},"query-input":"required name=search_term_string"}],"inLanguage":"es"},{"@type":"ImageObject","@id":"https:\/\/inmobiliariaabarquillas.com\/index.php\/casa-villarrobledo\/#primaryimage","inLanguage":"es","url":"https:\/\/inmobiliariaabarquillas.com\/wp-content\/uploads\/2021\/08\/IMG-20201225-WA0026.jpg","contentUrl":"https:\/\/inmobiliariaabarquillas.com\/wp-content\/uploads\/2021\/08\/IMG-20201225-WA0026.jpg","width":1599,"height":1200,"caption":"Casa en Villarrobledo"},{"@type":"WebPage","@id":"https:\/\/inmobiliariaabarquillas.com\/index.php\/casa-villarrobledo\/#webpage","url":"https:\/\/inmobiliariaabarquillas.com\/index.php\/casa-villarrobledo\/","name":"Casa en Villarrobledo - Inmobiliaria Abarquillas Villarrobledo","isPartOf":{"@id":"https:\/\/inmobiliariaabarquillas.com\/#website"},"primaryImageOfPage":{"@id":"https:\/\/inmobiliariaabarquillas.com\/index.php\/casa-villarrobledo\/#primaryimage"},"datePublished":"2021-08-09T15:49:10+00:00","dateModified":"2021-08-16T16:24:18+00:00","description":"Casa en Villarrobledo amplia de 200 metros cuadrados con 1 cuarto de ba\u00f1o, 1 cocina, 1 sal\u00f3n, 3 dormitorios y local de 80 m2.","breadcrumb":{"@id":"https:\/\/inmobiliariaabarquillas.com\/index.php\/casa-villarrobledo\/#breadcrumb"},"inLanguage":"es","potentialAction":[{"@type":"ReadAction","target":["https:\/\/inmobiliariaabarquillas.com\/index.php\/casa-villarrobledo\/"]}]},{"@type":"BreadcrumbList","@id":"https:\/\/inmobiliariaabarquillas.com\/index.php\/casa-villarrobledo\/#breadcrumb","itemListElement":[{"@type":"ListItem","position":1,"name":"Portada","item":"https:\/\/inmobiliariaabarquillas.com\/"},{"@type":"ListItem","position":2,"name":"Casa"}]}]}},"_links":{"self":[{"href":"https:\/\/inmobiliariaabarquillas.com\/index.php\/wp-json\/wp\/v2\/pages\/234"}],"collection":[{"href":"https:\/\/inmobiliariaabarquillas.com\/index.php\/wp-json\/wp\/v2\/pages"}],"about":[{"href":"https:\/\/inmobiliariaabarquillas.com\/index.php\/wp-json\/wp\/v2\/types\/page"}],"author":[{"embeddable":true,"href":"https:\/\/inmobiliariaabarquillas.com\/index.php\/wp-json\/wp\/v2\/users\/1"}],"replies":[{"embeddable":true,"href":"https:\/\/inmobiliariaabarquillas.com\/index.php\/wp-json\/wp\/v2\/comments?post=234"}],"version-history":[{"count":29,"href":"https:\/\/inmobiliariaabarquillas.com\/index.php\/wp-json\/wp\/v2\/pages\/234\/revisions"}],"predecessor-version":[{"id":407,"href":"https:\/\/inmobiliariaabarquillas.com\/index.php\/wp-json\/wp\/v2\/pages\/234\/revisions\/407"}],"wp:attachment":[{"href":"https:\/\/inmobiliariaabarquillas.com\/index.php\/wp-json\/wp\/v2\/media?parent=234"}],"curies":[{"name":"wp","href":"https:\/\/api.w.org\/{rel}","templated":true}]}}